d**3 - 6*d**2 - d - 4. Let s be -7*(24/(-7))/(-4). What is t(s)?
2
Let k(v) = 36*v + 4. Let q(g) = 12*g + 1. Let x(b) = -2*k(b) + 7*q(b). Suppose 2*l - 3*o + 18 = 5*l, 0 = 3*l + 2*o - 13. Determine x(l).
11
Let v = 75 + -71. Let i(l) = -l**2 + 4*l. Determine i(v).
0
Let w be (9/(-6))/(3/(-6)). Let p(m) = -6*m + 5*m + w*m. Calculate p(-3).
-6
Let r = 6 + -2. Let f(t) = t**3 - t**2 - 5*t + 3. What is f(r)?
31
Let q(t) = -11 + 5 + 3*t + 7. Give q(3).
10
Suppose 3*r - 26 = -8. Let k(p) = -p**2 + 7*p - 5. Let i be k(r). Let j(b) = 3*b - 1 - b**2 - 2*b + 0*b**2 + 0. Calculate j(i).
-1
Let v(a) = -a + 7. Let w(b) = b - 6. Let h(d) = 3*v(d) + 4*w(d). Give h(5).
2
Let y(p) = p**2 + 5*p - 4. Suppose h + 2*h - 8 = -4*o, 0 = 5*h. Suppose 0 = -4*f - o*l - 26, -2*l - 20 = 2*f + f. Give y(f).
2
Let i(b) = -b**2 - b + 4. Let p = 5 + -3. Suppose c - z - 1 = 5*c, 0 = p*c - 2*z - 2. Give i(c).
4
Let r(p) = -p + 3. Let i(v) = -2 + v - 3 + 3 + 5. Let h be i(4). Determine r(h).
-4
Let m(z) = -z**3 + 3*z**2 + z + 1. Let a = 2 + -2. Let j = a + 3. What is m(j)?
4
Let p(y) = 37 + 5*y - 33 - 3*y. What is p(-5)?
-6
Suppose 11*j - 8*j = 18. Let l(s) = -s**3 + 7*s**2 - 3*s - 7. Determine l(j).
11
Suppose 0 = -0*k + k - 9. Let v(y) = -y**3 + 7*y**2 - 2*y + 4. Let f(g) = 5*g**3 - 29*g**2 + 9*g - 16. Let r(h) = k*v(h) + 2*f(h). Calculate r(-5).
4
Let b be -2*((-30)/4)/(-5). Let v(d) = -d + 7. Let i(t) = -t + 7 + 3 - 4. Let k(h) = b*v(h) + 4*i(h). Give k(5).
-2
Suppose 3*s + 12 = -3. Let p(k) = 2*k**3 + 6*k**2 + 4*k - 1. Let l(t) = t**3 + 3*t**2 + 2*t. Let q(w) = s*l(w) + 2*p(w). Calculate q(-3).
4
Let f be (-5)/15 + 4/6. Let y(o) be the third derivative of 0 - f*o**3 + 1/24*o**4 + 0*o - o**2. Give y(-4).
-6
Let p(q) = -2*q**2 - 6*q - 1. Let c(u) = 13*u**2 + 2*u - 2. Let i(s) = 7*s**2 + s - 1. Let g(t) = 6*c(t) - 11*i(t). Let k(m) = 3*g(m) + p(m). What is k(5)?
6
Let q = 3 + -2. Suppose -i + q - 3 = 0. Let j(s) be the first derivative of 2*s**3/3 + s**2 - 2*s - 1. What is j(i)?
2
Let f(w) = -7*w**2 - 3*w**2 + 6*w**2 + 5*w**2 + 5*w - 5. What is f(-6)?
1
Let a(n) be the first derivative of n**4/4 + n**3/3 + n**2/2 + 2. Let y(o) = o**2 - 3*o - 4. Let h be y(4). Determine a(h).
0
Let g(r) = r**3 + 8*r**2 + 3*r - 3. Let q be g(-7). Suppose 2*u - 7*u + q = 0. Let p(y) = -3 - y + 0*y - u. Calculate p(-5).
-3
Let j(k) be the first derivative of -k**5/20 + k**4/4 - k**3/2 + 3*k**2/2 - k + 1. Let d(v) be the first derivative of j(v). What is d(2)?
1
Let f = 6 + -11. Let o = f - -4. Let n(z) = 5*z - 1. Give n(o).
-6
Let k(r) = -r**3 + 4*r**2 - r + 4. Let j be k(4). Suppose 0*g + 3*g = j. Let f(o) = -o + 8. Calculate f(g).
8
Let o(j) = 6*j**2 - 3*j**2 + 5*j - j**2 - j**2 - 5. Calculate o(-5).
-5
Let k(b) be the first derivative of b**3/3 + 2*b**2 - 8. Calculate k(-4).
0
Let b(t) = -t**3 + 4*t**2 + 2*t + 1. Let j = -12 - -17. What is b(j)?
-14
Let v(r) = r**2 - 4*r - 8. Let z be v(6). Suppose -5*h + z*h = 5. Let f(t) = -12*t**2 - 7*t - 7 - 2*t**2 + 13*t**2. Determine f(h).
3
Suppose 3*w = -3*i + 3, -3*i = -3*w - 7*i. Suppose 7 + 9 = -w*y. Let s(h) = h**2 + 6*h + 4. Determine s(y).
-4
Let r(t) = 10*t + 1. Let s(d) = -21*d - 2. Let h(i) = 13*r(i) + 6*s(i). Calculate h(-1).
-3
Let r be (-30)/(-9)*9/2. Suppose d + d + p = 6, 5*p = 5*d - r. Suppose d*z = 2*z + 2. Let y(m) = m**2 - 5*m + 1. Determine y(z).
-5
Let k(m) = 2*m - 12. Let o be k(8). Suppose -z - 4*i + 9 = 0, -4*i + o + 14 = 2*z. Let g be -6*(-3)/(z/2). Let l(c) = -c**3 + 4*c**2 - 4*c + 6. Give l(g).
-10
Let j(y) = -y**3 - y**2. Suppose 4*t + 8 = 5*o, 4 = -3*t + 13. Let k be (14/o + 0)*2. Suppose 2*n = g - k, 3*n - g = 4*g - 28. Give j(n).
0
Let i be 32/20 + (-6)/10. Let t(n) = -4 - n + 7*n + 5. Calculate t(i).
7
Let z(r) = 4*r**2 - 3*r + 3. Let y(m) = -7*m**2 + 5*m - 5. Let w(n) = -3*y(n) - 5*z(n). Let i(c) = -c**3 + 6*c**2 - c. Let g(l) = i(l) - 6*w(l). Determine g(1).
-2
Let p(k) = k + 10. Let u be p(-6). Suppose 2*o + 2*o - u*j - 24 = 0, 4*o - 18 = -2*j. Let h(v) = o*v + 1 + 4*v - 4*v. Give h(-1).
-4
Let k(d) = -d**3 - 4*d**2 - 4*d - 1. Let x be k(-3). Let a(r) = r + 1. Let g(w) = -w - 2. Let c(l) = -5*a(l) - 3*g(l). Determine c(x).
-3
Let t(h) = 3*h**2 + 5*h + 4. Let u(k) be the second derivative of k**4/12 - k**3/6 + 6*k. Let a(s) = t(s) - 2*u(s). Calculate a(-6).
-2
Let t(b) = 8*b**2 - b + 4*b - 2*b. Suppose -4*a + 3*j + 12 = 2*j, j = 2*a - 8. Suppose -4*y + a + 1 = r, -y = 5*r + 4. Give t(r).
7
Suppose -p + 5*j - 20 = 0, -p - j + 0 - 2 = 0. Let c(l) = l**3 + 5*l - 4. Let i(y) = -y**3 + y**2 - 6*y + 4. Let z(k) = p*i(k) - 6*c(k). Calculate z(-5).
4
Let t be 4/(-1)*9/18. Let n = 6 + -5. Let m(x) = 3*x - x**2 - x**2 - 5*x - n. Determine m(t).
-5
Let m(d) = d**2 + 9*d + 9. Let f = -64 + 58. Calculate m(f).
-9
Let u(z) be the second derivative of z**6/720 - z**5/40 - z**4/12 - z. Let k(t) be the third derivative of u(t). What is k(-4)?
-7
Suppose -16 = 4*f - 2*p, -2*f - f = p + 17. Let j(g) = 4*g**2 - 2 - 3*g**2 - 4 - 29*g + 33*g. Give j(f).
-1
Let p(j) = -9*j**3 + 6*j**2 - 15*j - 13. Let m(z) = 5*z**3 - 3*z**2 + 8*z + 7. Let g(v) = -11*m(v) - 6*p(v). Give g(-3).
-5
Let t(l) = 4 - 8 - l + l**2 + 1. Give t(3).
3
Let t(v) = -6 + 2 + 1 + 3*v. Let k = -1 + 4. What is t(k)?
6
Let f(t) = 0*t + 5*t - 2*t - t**2 + 6. Calculate f(5).
-4
Let f = -40 - -37. Let y(x) = x**3 + 2*x**2 - 3*x + 4. What is y(f)?
4
Let c be 2 + (1 - 0)*2. Let w(t) = t**2 - 5*t + 4. Let m be w(c). Let n(l) = -4*l**3 + 3*l**2 + 3*l**3 + 3*l**2 + m*l**2 - 5*l. Calculate n(5).
0
Let t(u) = -u**2 - 8*u - 9. Let i be (36/(-6))/(2/2). Determine t(i).
3
Let g(y) = -7*y**3 - 12*y**2 - y - 6. Let o(h) = -13*h**3 - 23*h**2 - 2*h - 12. Let n(w) = -11*g(w) + 6*o(w). Suppose 1 + 23 = -4*c. What is n(c)?
0
Let t(j) be the second derivative of -j**3/6 + 2*j**2 - 14*j. Let w(o) = -o**3 - 5*o**2 + o + 1. Let b be w(-5). Calculate t(b).
8
Let n(f) = -f**2 - 2*f - 2. Suppose 4*y + y + 2*x = 11, 3*y + 5*x = -1. Calculate n(y).
-17
Let q(v) be the third derivative of -7*v**2 - 1/2*v**3 - 1/8*v**4 + 0*v + 0. What is q(-2)?
3
Let p(s) = s**3 + 5*s**2 + 4*s - 1. Let o = 20 + -24. Give p(o).
-1
Let q(g) = 2*g - 2. Let i be q(2). Let p(k) be the first derivative of 0*k - 5/2*k**i + 1 + 1/3*k**3. Give p(3).
-6
Let q be (-4)/(-6)*(-3 - -39). Suppose 2*k = k + 5*u - q, -u = -5. Suppose 3*n + 2 = -k. Let r(v) = 2*v. Give r(n).
-2
Let r(p) = p - 3. Suppose 2*j + 7 = 3*y, -y = -2*j + 4*y - 13. Let i = -4 + j. Determine r(i).
-6
Let l(n) = -2*n**2 + 5*n - 3. Let r(i) = -i - 7. Let s be r(0). Let p(w) = 5*w**2 - 11*w + 6. Let j(c) = s*l(c) - 3*p(c). Give j(-3).
0
Let y(j) = 1. Let a(t) = -t**2 + 7*t - 9. Suppose 12 = -3*g - 3*r, -4*r - 22 + 2 = 0. Let w(m) = g*a(m) + 4*y(m). Let z be (1 + 2)*(-36)/(-27). Determine w(z).
7
Suppose 0*a = 5*a. Let b(j) be the first derivative of j**4/12 + j**3/6 - 5*j**2/2 - 2*j + 3. Let r(n) be the first derivative of b(n). Calculate r(a).
-5
Let g(q) be the second derivative of -1/3*q**3 - 3*q - 1/2*q**4 + 0 - 1/20*q**5 - 4*q**2. What is g(-6)?
4
Suppose 2*d + 5 = -3*d. Let y(s) = 7*s - 3. Let o(r) = -r + 1. Let j(f) = d*y(f) - 2*o(f). Give j(-1).
6
Suppose -3*c + 0*c - 9 = 0. Let k(s) = 2*s + 3. Calculate k(c).
-3
Let f(k) = 0 + 4 + 2*k - 2. Suppose -7 + 2 = y. Determine f(y).
-8
Suppose l = 3*v + 5, -4*v + v = -4*l + 20. Let a(w) = -w + 3. Let o be a(v). Let p(x) = 4 - x - 3 - o + 0. Determine p(3).
-5
Let y(m) be the second derivative of -m**8/6720 - m**7/420 + m**6/720 + 7*m**5/120 - m**4/6 + 4*m. Let n(q) be the third derivative of y(q). Determine n(-6).
1
Let w be 1*0*(-1)/1. Let i(u) be the third derivative of -u**2 + 1/3*u**3 + 0*u + 0 + 1/24*u**4. Determine i(w).
2
Suppose 0*s + 8 = 2*s. Let x(k) = 3*k - 6. What is x(s)?
6
Suppose -4*y = -y - 12. Let l = -2 + 4. Let v(t) = -3*t - 2*t**2 + y*t**2 - 3*t**l - 5. Give v(-4).
-9
Let c(l) = -l**3 + 6*l**2 - 3*l - 6. Let r(w) = 4*w**2 - 2*w - 1. Let y be r(-1). Suppose -y*k = 3*a, -12 = -a + k - 4. What is c(a)?
4
Suppose -3 = -2*k - d + 10, -k = -5*d + 10. Let t(o) = 7*o + 3. Let g(m) = -13*m - 6. Let v(p) = 6*g(p) + 11*t(p). What is v(k)?
-8
Suppose -2*g - 3 - 1 = 0. Let r(s) be the first derivative of s**2/2 - 4. What is r(g)?
-2
Let h(w) = 2*w + 2*w - 3*w - 12. Suppose -2*t + 15 = t. Calculate h(t).
-7
Let